 r*l, 5*l = 10. Calculate the highest common factor of 146 and a.
73
Suppose -l = 0, -8*t + 5*l + 942 = -5*t. Let z = t + -282. Calculate the highest common factor of z and 72.
8
Let l(v) = 3*v - 38. Let w be l(-9). Let j = w - -70. Suppose 0*h - y = -h + 88, j*h - 404 = -4*y. What is the highest common divisor of h and 14?
14
Suppose i = 2*i - 12. Let x(c) = 63*c - 369. Suppose 0 = -4*z - 293 + 317. Let b be x(z). What is the greatest common divisor of i and b?
3
Suppose -639*m = -648*m + 252. What is the highest common divisor of 882 and m?
14
Let y = 446 - 463. Let b(p) = -6*p - 27. Let o be b(y). Calculate the highest common divisor of o and 195.
15
Let c = 12976 + -8888. What is the highest common divisor of c and 24?
8
Suppose 11*v - 13*v - 11*v = 0. Suppose -5*k + 2*n + 70 + 145 = v, -5*n - 215 = -5*k. Calculate the greatest common divisor of k and 215.
43
Suppose 3*y = -q + 239, 96*y - 95*y - 2*q = 82. Let x(p) = p**2 - p + 16. Suppose -2*c = -0*c. Let o be x(c). What is the highest common factor of o and y?
16
Let n be ((-4)/8)/(3 + (-126513)/42174). Let b be 1/(-4) + (-714)/24. Let i be 2 - n/18 - (-5)/b. What is the highest common divisor of i and 12?
12
Suppose -2*y - 2*t + 4 = t, 10 = 5*y - t. Let k be (-1*8/y)/(2/(-4)). Suppose 107 = 3*g - 61. Calculate the greatest common factor of k and g.
8
Let l be (-5)/((-5)/39)*5/15. Suppose -12*i - 66 = -i. Let b = l + i. Calculate the highest common divisor of b and 56.
7
Suppose -4*l - 4*u + 1752 = -6*u, -4*l + 3*u + 1748 = 0. Suppose 114 = 2*z + 2*f, 2*f = 2*z + 2*z - 216. Calculate the highest common divisor of z and l.
55
Let v(i) = 20*i + 104. Let q be v(-4). Let w = 2 + q. Calculate the highest common factor of 182 and w.
26
Let w = 4298 - 53. Calculate the highest common factor of w and 60.
15
Suppose -62*t + 3444 = 20*t. What is the highest common divisor of 49 and t?
7
Let a = 126 + -86. Suppose 2*t - 4*t + a = 0. Let c be 12/(-5)*2250/(-180). What is the greatest common divisor of c and t?
10
Suppose 118 = -16*g - 2522. Let p = g + 221. What is the highest common divisor of 112 and p?
56
Suppose -1986 - 428 = -10*i - 61*i. What is the greatest common factor of 30022 and i?
34
Suppose 0 = -5*z - 2*k + 45, 2*z + 0*z - 3*k = 37. Suppose -194 - 246 = -z*y. Calculate the greatest common divisor of y and 440.
40
Let v(a) = -a**2 - 13*a - 26. Suppose 26 = 4*y + 62. Let b be v(y). Let r be (-5*2)/((-1)/2). What is the greatest common factor of b and r?
10
Suppose -13*p - 189*p + 17776 = 0. What is the greatest common factor of 1256 and p?
8
Suppose 21*w = 42 - 0. Suppose -5*j + w*p + 88 = 26, -2*j + 5*p + 29 = 0. Calculate the greatest common factor of 132 and j.
12
Let i(j) = 3*j**2 - 12*j + 33. Let x(h) = 14*h - 248. Let z be x(18). Let q be i(z). Calculate the highest common factor of q and 264.
33
Let n(h) = h**3 + 9*h**2 - 24*h - 8. Let m be n(-11). Suppose m*x - 107 = 117. Let i = 29 + x. Calculate the highest common factor of 18 and i.
9
Suppose -438 = -3*s + 5*w, -3*s = 2*s - 3*w - 714. Let l = s - 81. Calculate the greatest common factor of 140 and l.
20
Let f(w) = 817*w + 4740. Let v be f(0). What is the greatest common factor of 60 and v?
60
Let y be -855*120/(-135)*-2*3/(-4). Calculate the greatest common factor of y and 152.
76
Let a = -33 - -183. Let k be (18/(-30) - 2991/15)/(-2). What is the greatest common factor of k and a?
50
Suppose -66*v + 24700 = -28*v. Calculate the greatest common divisor of v and 100.
50
Suppose 4*h - 336 = -4*g - h, 4*g = 4*h + 336. Let l(p) = 12*p + 3. Let k be l(4). Let i = g - k. Calculate the greatest common divisor of i and 11.
11
Let l be -833*(6 - (-1 - -8)). Let r = 2099 + -2082. What is the greatest common divisor of r and l?
17
Let n = 2630 + -1430. Suppose g = -g - 10, 0 = 4*j + 4*g - n. What is the greatest common divisor of j and 5?
5
Let i = 67 + -18. Let c(r) = -4*r + 46. Let d be c(11). Suppose -2*m + 263 = d*y - 221, 3*m + 254 = y. What is the greatest common factor of y and i?
49
Suppose 4*v + c - 369 = 0, 5*v - 10*v = c - 462. What is the greatest common factor of v and 868?
31
Let n(r) = -521*r + 10550. Let v be n(0). What is the highest common factor of v and 50?
50
Let v(c) = 4*c**2 + 17*c - 9. Let b be v(-5). Suppose -4*l - l = a - 18, b = 4*a - 2*l. Calculate the greatest common divisor of a and 1.
1
Let d be -1*(6 - 1)*-3. Let k be (-5)/(-10) + ((-9)/6 - 3). Let o be k - 1521/18*2/(-1). Calculate the highest common divisor of o and d.
15
Let d be (-86)/(-1118) - 622/(-26). Calculate the highest common factor of d and 72.
24
Let k(g) = -g + 17. Let u = 75 - 71. Let i be ((-10)/(-15))/(u/48). Let n be k(i). Calculate the highest common factor of n and 144.
9
Let c be 6 - 29/(174/(-1644)). What is the greatest common factor of c and 315?
35
Let o = -1670 - -2540. Let w(x) = -3374*x + 6778. Let m be w(2). Calculate the highest common factor of m and o.
30
Let a(u) = -6*u**2 - u + 5. Let o(g) = g**2 - 2*g. Let m(z) = -a(z) - 4*o(z). Let c be m(3). Calculate the highest common factor of 30 and c.
10
Let f = 346 - 351. Let v(r) = -2*r**3 - 5*r**2 + r**3 + 0*r**3 - 2*r. Let m be v(f). What is the greatest common factor of m and 5?
5
Let o = -86 + 90. Suppose o*w = -4*l + 28, 5*l - 2*w - 29 = -w. What is the greatest common factor of 2 and l?
2
Suppose -2*r + 3*v = -104, r + 451*v = 456*v + 66. Calculate the greatest common factor of r and 4646.
46
Suppose 490 = 3*l + 7*l. Suppose 5*y - g - 207 = y, -l = -y + 3*g. What is the greatest common divisor of y and 65?
13
Let n = -319 - -417. Suppose n - 203 = -7*a. Calculate the greatest common factor of a and 285.
15
Let q = -165 - -92. Let o = -9 + q. Let f = o - -100. Calculate the highest common factor of f and 162.
18
Suppose -3*z - 4*c - c + 158 = 0, 8 = 2*c. Suppose 2*f + 6 = z. What is the greatest common factor of f and 480?
20
Let s(r) = -r**3 - 9*r**2 + 18*r + 18. Let j be s(-9). Let z = 166 + j. What is the greatest common factor of z and 176?
22
Suppose 12561 + 31371 = 4*t + 4*r, 5*t + 3*r - 54905 = 0. Calculate the greatest common factor of 44 and t.
22
Let z be (-198)/3*(0 + 74)*(-16)/64. What is the greatest common factor of z and 1353?
33
Let b(a) = 23*a - 1857. Let f be b(87). Calculate the greatest common factor of 477 and f.
9
Let m = 387 + -343. Suppose 0 = -47*t + m*t + 171. What is the greatest common divisor of t and 19?
19
Suppose 5*r - 5*k = 182545, 0 = 2*r + 5*k + 3615 - 76598. Suppose 0 = 6*v + 48*v - r. Calculate the highest common factor of 52 and v.
52
Suppose 0*l = 4*l - 156. Suppose -93*w + 102*w - 2583 = 0. Let o = -274 + w. Calculate the highest common factor of l and o.
13
Suppose 166*q - 50412 - 20315 = 23893. What is the greatest common factor of q and 19095?
285
Suppose 240*t - 1607197 = -813843 + 1482566. What is the greatest common factor of 261 and t?
87
Let u be 39/26*(3120/9)/2. Let o = 281 - u. What is the highest common factor of o and 6?
3
Let u = -642 - -642. Suppose u = -39*v + 48*v - 243. What is the highest common divisor of 783 and v?
27
Let v(m) = 94*m**2 + 18*m + 101. Let t be v(-4). Calculate the greatest common divisor of 105 and t.
21
Let z be (16/(-6))/((-2)/12). Suppose -352*g = -59*g + 185*g - 15296. What is the highest common divisor of z and g?
16
Suppose 17*x + 79*x = -24*x + 1155840. Calculate the highest common factor of 128 and x.
32
Suppose -5*t + 4*v + 647 = 0, -2*t - 25*v = -26*v - 263. Calculate the greatest common factor of 5535 and t.
135
Suppose 600 = 3*y - 1416. Suppose -3*l = 2*p - p - 168, -4*p - 5*l + y = 0. What is the greatest common factor of p and 21?
21
Let a(p) = p**3 - 16*p**2 - 14*p + 244. Let n be a(16). Calculate the highest common factor of 5420 and n.
20
Let z(b) = -2*b**2 - 17*b + 153. Let v be z(-9). Calculate the greatest common factor of 6 and v.
6
Suppose -27636 = -q - 187*q - 106*q. What is the greatest common factor of 8366 and q?
94
Suppose -4*m + 88 = 4*o + 20, -4*o - 2*m + 66 = 0. What is the greatest common factor of o and 124?
4
Suppose h = 0, -10*k + 4*h + 24 = -11*k. Let c(o) = o**2 - 2*o - 96. Let q be c(k). Calculate the greatest common factor of 33 and q.
33
Let l = -2175 + 3121. Calculate the greatest common factor of 88 and l.
22
Suppose 699 = 3*l + 3*m, -3*l + 594 = 5*m - 